{"id":218949,"date":"2026-01-15T19:24:19","date_gmt":"2026-01-15T18:24:19","guid":{"rendered":"https:\/\/www.tendenzeshabbychic.it\/prodotto\/couette-blanc-mariclo-1-carre-naturel-sangallo-summer-taie-doreiller\/"},"modified":"2025-12-10T17:52:19","modified_gmt":"2025-12-10T16:52:19","slug":"couette-blanc-mariclo-1-carre-naturel-sangallo-summer-taie-doreiller","status":"publish","type":"product","link":"https:\/\/www.tendenzeshabbychic.it\/fr\/produit\/couette-blanc-mariclo-1-carre-naturel-sangallo-summer-taie-doreiller\/","title":{"rendered":"Couette &lsquo;Blanc MariClo&rsquo; 1 carr\u00e9 naturel Sangallo Summer + taie d&rsquo;oreiller"},"content":{"rendered":"<p>L&rsquo;\u00e9dredon Blanc MariClo&rsquo; Estate de Sangallo conf\u00e8re au lit une \u00e9l\u00e9gance fra\u00eeche et lumineuse. R\u00e9alis\u00e9 en 100% microfibre, il est l\u00e9ger et doux, id\u00e9al pour la mi-saison gr\u00e2ce au garnissage de 200 g\/m\u00b2 qui r\u00e9chauffe sans alourdir. Le matelassage en losange donne de l&rsquo;ordre et du volume, tandis que la g\u00e9n\u00e9reuse gala de dentelle sangallo, avec bord festonn\u00e9 et petit ajour\u00e9, d\u00e9limite le p\u00e9rim\u00e8tre avec un d\u00e9licat motif romantique. Les deux taies d&rsquo;oreiller assorties compl\u00e8tent l&rsquo;ensemble et cr\u00e9ent un effet \u00ab\u00a0suite\u00a0\u00bb parfait dans les chambres Shabby Chic ou classiques contemporaines. Associez-les \u00e0 des draps unis, des oreillers d\u00e9coratifs et des plaids ton sur ton pour un lit toujours bien entretenu.    <\/p>\n<ul>\n<li>Ensemble double : couette 180&#215;260 cm + taie d&rsquo;oreiller assortie<\/li>\n<li>Tissu 100% microfibre : doux, l\u00e9ger et facile \u00e0 laver<\/li>\n<li>200 g\/m\u00b2 de rembourrage, id\u00e9al pour le printemps et l&rsquo;\u00e9t\u00e9<\/li>\n<li>Piquage en losange avec une \u00e9l\u00e9gante dentelle sangallo festonn\u00e9e de gala.<\/li>\n<li>Parfait pour les pi\u00e8ces romantiques, Shabby Chic et lumineuses<\/li>\n<\/ul>\n","protected":false},"excerpt":{"rendered":"<p>Quilt 1 carr\u00e9, piqu\u00e9 de diamants naturels, avec bordure en dentelle sangallo festonn\u00e9e, accompagn\u00e9 d&rsquo;une taie d&rsquo;oreiller assortie.<br \/>\n\ud83d\udccf Couette 180 x 260 cm &#8211; 1 taie d&rsquo;oreiller 50 x 80 cm<\/p>\n","protected":false},"featured_media":218941,"comment_status":"open","ping_status":"closed","template":"","meta":{"_joinchat":[]},"pwb-brand":[1561],"product_brand":[],"product_cat":[1484,1475,1482],"product_tag":[3371],"class_list":["post-218949","product","type-product","status-publish","has-post-thumbnail","pwb-brand-blanc-mariclo-fr","product_cat-quilts-a-un-seul-carre","product_cat-le-lit","product_cat-quilts","product_tag-collection-printemps-ete","first","outofstock","taxable","shipping-taxable","purchasable","product-type-simple"],"brands":[{"id":1561,"name":"Blanc Mariclo","slug":"blanc-mariclo-fr"}],"_links":{"self":[{"href":"https:\/\/www.tendenzeshabbychic.it\/fr\/wp-json\/wp\/v2\/product\/218949","targetHints":{"allow":["GET"]}}],"collection":[{"href":"https:\/\/www.tendenzeshabbychic.it\/fr\/wp-json\/wp\/v2\/product"}],"about":[{"href":"https:\/\/www.tendenzeshabbychic.it\/fr\/wp-json\/wp\/v2\/types\/product"}],"replies":[{"embeddable":true,"href":"https:\/\/www.tendenzeshabbychic.it\/fr\/wp-json\/wp\/v2\/comments?post=218949"}],"wp:featuredmedia":[{"embeddable":true,"href":"https:\/\/www.tendenzeshabbychic.it\/fr\/wp-json\/wp\/v2\/media\/218941"}],"wp:attachment":[{"href":"https:\/\/www.tendenzeshabbychic.it\/fr\/wp-json\/wp\/v2\/media?parent=218949"}],"wp:term":[{"taxonomy":"pwb-brand","embeddable":true,"href":"https:\/\/www.tendenzeshabbychic.it\/fr\/wp-json\/wp\/v2\/pwb-brand?post=218949"},{"taxonomy":"product_brand","embeddable":true,"href":"https:\/\/www.tendenzeshabbychic.it\/fr\/wp-json\/wp\/v2\/product_brand?post=218949"},{"taxonomy":"product_cat","embeddable":true,"href":"https:\/\/www.tendenzeshabbychic.it\/fr\/wp-json\/wp\/v2\/product_cat?post=218949"},{"taxonomy":"product_tag","embeddable":true,"href":"https:\/\/www.tendenzeshabbychic.it\/fr\/wp-json\/wp\/v2\/product_tag?post=218949"}],"curies":[{"name":"wp","href":"https:\/\/api.w.org\/{rel}","templated":true}]}}

Couette &lsquo;Blanc MariClo&rsquo; 1 carré naturel Sangallo Summer + taie d&rsquo;oreiller

<p>L&rsquo;édredon Blanc MariClo&rsquo; Estate de Sangallo confère au lit une élégance fraîche et lumineuse. Réalisé en 100% microfibre, il est léger et doux, idéal pour la mi-saison grâce au garnissage de 200 g/m² qui réchauffe sans alourdir. Le matelassage en losange donne de l&rsquo;ordre et du volume, tandis que la généreuse gala de dentelle sangallo, avec bord festonné et petit ajouré, délimite le périmètre avec un délicat motif romantique. Les deux taies d&rsquo;oreiller assorties complètent l&rsquo;ensemble et créent un effet « suite » parfait dans les chambres Shabby Chic ou classiques contemporaines. Associez-les à des draps unis, des oreillers décoratifs et des plaids ton sur ton pour un lit toujours bien entretenu.    </p>
<ul>
<li>Ensemble double : couette 180&#215;260 cm + taie d&rsquo;oreiller assortie</li>
<li>Tissu 100% microfibre : doux, léger et facile à laver</li>
<li>200 g/m² de rembourrage, idéal pour le printemps et l&rsquo;été</li>
<li>Piquage en losange avec une élégante dentelle sangallo festonnée de gala.</li>
<li>Parfait pour les pièces romantiques, Shabby Chic et lumineuses</li>
</ul>

<p>Quilt 1 carré, piqué de diamants naturels, avec bordure en dentelle sangallo festonnée, accompagné d&rsquo;une taie d&rsquo;oreiller assortie.<br />
📏 Couette 180 x 260 cm &#8211; 1 taie d&rsquo;oreiller 50 x 80 cm</p>
