{"id":207082,"date":"2025-10-29T11:26:16","date_gmt":"2025-10-29T10:26:16","guid":{"rendered":"https:\/\/www.tendenzeshabbychic.it\/prodotto\/vela-perfumada-despertar-del-otono-con-base-de-madera\/"},"modified":"2025-07-07T11:26:16","modified_gmt":"2025-07-07T09:26:16","slug":"vela-perfumada-despertar-del-otono-con-base-de-madera","status":"publish","type":"product","link":"https:\/\/www.tendenzeshabbychic.it\/es\/producto\/vela-perfumada-despertar-del-otono-con-base-de-madera\/","title":{"rendered":"Vela perfumada Despertar del Oto\u00f1o con base de madera"},"content":{"rendered":"<p>Lleva el aroma y el encanto del oto\u00f1o a tu hogar con esta vela perfumada de dise\u00f1o \u00fanico.<br \/>\nSu elegante forma cil\u00edndrica est\u00e1 adornada con flores secas, hojas y bayas decorativas en la parte superior para conseguir un efecto esc\u00e9nico con sabor natural.<\/p>\n<p>Fabricada con una <strong>mezcla de ceras<\/strong>, desprende una fragancia delicada y envolvente: un aut\u00e9ntico <em>Despertar de Oto\u00f1o<\/em> que calienta la estancia con estilo.<br \/>\nLa vela va acompa\u00f1ada de una <strong>base de madera rugosa<\/strong> efecto tronco que realza su estilo r\u00fastico y refinado, ideal para decoraciones navide\u00f1as o mise en place de temporada.<\/p>\n<p><strong>Embalaje de alta calidad<\/strong>: caja r\u00edgida decorada con gr\u00e1ficos dorados y azules y sobre a juego, tambi\u00e9n perfecto como idea regalo.<\/p>\n<h3>\ud83d\udce6 <strong>Caracter\u00edsticas<\/strong><\/h3>\n<ul>\n<li>Base de madera incluida<\/li>\n<li>Flores secas decorativas en la superficie<\/li>\n<li>Elegante paquete de regalo con caja y sobre a juego<\/li>\n<li>Fragancia: Despertar del Oto\u00f1o<\/li>\n<li>L\u00ednea exclusiva de Navidad<\/li>\n<\/ul>\n<h3>\u26a0\ufe0f <strong>Recomendaciones de uso<\/strong><\/h3>\n<ul>\n<li>Al encenderla por primera vez, deja que la vela arda durante al menos 30 minutos.<\/li>\n<li>Corta la mecha despu\u00e9s de cada uso para una combusti\u00f3n m\u00e1s limpia.<\/li>\n<li>No dejes una vela encendida sin vigilancia.<\/li>\n<\/ul>\n","protected":false},"excerpt":{"rendered":"<p>Una vela de cera perfumada con flores secas decorativas y una base de madera natural. Perfecta para crear ambientes c\u00e1lidos y acogedores. <\/p>\n<ul>\n<li>Dimensiones: \u00d8 13,5 x A 17 cm<\/li>\n<\/ul>\n","protected":false},"featured_media":192751,"comment_status":"open","ping_status":"closed","template":"","meta":{"_joinchat":[]},"pwb-brand":[3292],"product_brand":[],"product_cat":[2343,2371],"product_tag":[2283],"class_list":["post-207082","product","type-product","status-publish","has-post-thumbnail","pwb-brand-linea-esclusiva-natale-es","product_cat-velas-perfumadas","product_cat-navidad","product_tag-idea-de-regalo","first","outofstock","sale","taxable","shipping-taxable","purchasable","product-type-simple"],"brands":[{"id":3292,"name":"Linea Esclusiva Natale","slug":"linea-esclusiva-natale-es"}],"_links":{"self":[{"href":"https:\/\/www.tendenzeshabbychic.it\/es\/wp-json\/wp\/v2\/product\/207082","targetHints":{"allow":["GET"]}}],"collection":[{"href":"https:\/\/www.tendenzeshabbychic.it\/es\/wp-json\/wp\/v2\/product"}],"about":[{"href":"https:\/\/www.tendenzeshabbychic.it\/es\/wp-json\/wp\/v2\/types\/product"}],"replies":[{"embeddable":true,"href":"https:\/\/www.tendenzeshabbychic.it\/es\/wp-json\/wp\/v2\/comments?post=207082"}],"wp:featuredmedia":[{"embeddable":true,"href":"https:\/\/www.tendenzeshabbychic.it\/es\/wp-json\/wp\/v2\/media\/192751"}],"wp:attachment":[{"href":"https:\/\/www.tendenzeshabbychic.it\/es\/wp-json\/wp\/v2\/media?parent=207082"}],"wp:term":[{"taxonomy":"pwb-brand","embeddable":true,"href":"https:\/\/www.tendenzeshabbychic.it\/es\/wp-json\/wp\/v2\/pwb-brand?post=207082"},{"taxonomy":"product_brand","embeddable":true,"href":"https:\/\/www.tendenzeshabbychic.it\/es\/wp-json\/wp\/v2\/product_brand?post=207082"},{"taxonomy":"product_cat","embeddable":true,"href":"https:\/\/www.tendenzeshabbychic.it\/es\/wp-json\/wp\/v2\/product_cat?post=207082"},{"taxonomy":"product_tag","embeddable":true,"href":"https:\/\/www.tendenzeshabbychic.it\/es\/wp-json\/wp\/v2\/product_tag?post=207082"}],"curies":[{"name":"wp","href":"https:\/\/api.w.org\/{rel}","templated":true}]}}

Vela perfumada Despertar del Otoño con base de madera

<p>Lleva el aroma y el encanto del otoño a tu hogar con esta vela perfumada de diseño único.<br />
Su elegante forma cilíndrica está adornada con flores secas, hojas y bayas decorativas en la parte superior para conseguir un efecto escénico con sabor natural.</p>
<p>Fabricada con una <strong>mezcla de ceras</strong>, desprende una fragancia delicada y envolvente: un auténtico <em>Despertar de Otoño</em> que calienta la estancia con estilo.<br />
La vela va acompañada de una <strong>base de madera rugosa</strong> efecto tronco que realza su estilo rústico y refinado, ideal para decoraciones navideñas o mise en place de temporada.</p>
<p><strong>Embalaje de alta calidad</strong>: caja rígida decorada con gráficos dorados y azules y sobre a juego, también perfecto como idea regalo.</p>
<h3>📦 <strong>Características</strong></h3>
<ul>
<li>Base de madera incluida</li>
<li>Flores secas decorativas en la superficie</li>
<li>Elegante paquete de regalo con caja y sobre a juego</li>
<li>Fragancia: Despertar del Otoño</li>
<li>Línea exclusiva de Navidad</li>
</ul>
<h3>⚠️ <strong>Recomendaciones de uso</strong></h3>
<ul>
<li>Al encenderla por primera vez, deja que la vela arda durante al menos 30 minutos.</li>
<li>Corta la mecha después de cada uso para una combustión más limpia.</li>
<li>No dejes una vela encendida sin vigilancia.</li>
</ul>

<p>Una vela de cera perfumada con flores secas decorativas y una base de madera natural. Perfecta para crear ambientes cálidos y acogedores. </p>
<ul>
<li>Dimensiones: Ø 13,5 x A 17 cm</li>
</ul>
