{"id":198596,"date":"2025-08-10T10:19:42","date_gmt":"2025-08-10T09:19:42","guid":{"rendered":"https:\/\/www.tendenzeshabbychic.it\/prodotto\/blanc-mariclo-mantel-individual-corazon-tartan-42x42-cm\/"},"modified":"2025-06-04T10:19:42","modified_gmt":"2025-06-04T09:19:42","slug":"blanc-mariclo-mantel-individual-corazon-tartan-42x42-cm","status":"publish","type":"product","link":"https:\/\/www.tendenzeshabbychic.it\/es\/producto\/blanc-mariclo-mantel-individual-corazon-tartan-42x42-cm\/","title":{"rendered":"Blanc MariClo Mantel Individual Coraz\u00f3n Tartan 42&#215;42 cm"},"content":{"rendered":"<p>El mantel individual en forma de coraz\u00f3n Blanc MariClo est\u00e1 hecho de algod\u00f3n 100% con un alegre estampado de Tartan en tonos rojo, verde y marfil. Acabado con un ribete rojo en contraste, a\u00f1ade un toque rom\u00e1ntico y festivo a la mesa. Ideal para presentaciones navide\u00f1as, desayunos especiales o meriendas con un ambiente acogedor y r\u00fastico. Tambi\u00e9n es perfecto como elemento decorativo para realzar el centro de mesa o para acompa\u00f1ar postres caseros.   <\/p>\n<ul>\n<li>Rom\u00e1ntico dise\u00f1o en forma de coraz\u00f3n<\/li>\n<li>Tejido natural 100% algod\u00f3n<\/li>\n<li>Estampado de Tartan en colores c\u00e1lidos y tradicionales<\/li>\n<li>Ribete rojo favorecedor de la forma<\/li>\n<li>Perfecto para la Navidad y la mise en place Country Chic<\/li>\n<\/ul>\n<p><span style=\"color: #555555;\">\n\t<section class=\"section linkified dark\" id=\"section_1637369066\">\n\t\t<div class=\"section-bg fill\" >\n\t\t\t<img loading=\"lazy\" decoding=\"async\" width=\"800\" height=\"213\" src=\"https:\/\/www.tendenzeshabbychic.it\/wp-content\/uploads\/2021\/09\/natale-hero-1-800x213.jpg\" class=\"bg attachment-medium size-medium\" alt=\"\" \/>\t\t\t\t\t\t<div class=\"section-bg-overlay absolute fill\"><\/div>\n\t\t\t\n\n\t\t<\/div>\n\n\t\t\n\n\t\t<div class=\"section-content relative\">\n\t\t\t\n\n<div class=\"row\"  id=\"row-812824569\">\n\n\n\t<div id=\"col-627955763\" class=\"col small-12 large-12\"  >\n\t\t\t\t<div class=\"col-inner text-center\"  >\n\t\t\t\n\t\t\t\n\n<h3><span style=\"font-size: 180%;\">Navidad<\/span><\/h3>\n<p>Descubre la amplia selecci\u00f3n de productos para decorar tu hogar en Navidad.<\/p>\n<a href=\"https:\/\/www.tendenzeshabbychic.it\/es\/categoria-producto\/navidad\/\" class=\"button alert is-shade box-shadow-3 box-shadow-5-hover\" style=\"border-radius:5px;\">\n\t\t<span>haga clic aqu\u00ed<\/span>\n\t<\/a>\n\n\n\n\t\t<\/div>\n\t\t\t\t\t<\/div>\n\n\t\n\n<\/div>\n\n\t\t<\/div>\n\n\t\t\n<style>\n#section_1637369066 {\n  padding-top: 12px;\n  padding-bottom: 12px;\n}\n#section_1637369066 .section-bg-overlay {\n  background-color: rgba(0, 0, 0, 0.419);\n}\n#section_1637369066 .section-bg img {\n  object-position: 21% 51%;\n}\n@media (min-width:550px) {\n  #section_1637369066 {\n    padding-top: 57px;\n    padding-bottom: 57px;\n  }\n}\n<\/style>\n\t<\/section>\n\t<\/span><\/p>\n","protected":false},"excerpt":{"rendered":"<p>Mantel individual en forma de coraz\u00f3n de algod\u00f3n Tartan rojo con borde rojo, perfecto para la decoraci\u00f3n navide\u00f1a.<\/p>\n<p>\ud83d\udccf 42 x 42 cm<\/p>\n<p>Forma parte de la colecci\u00f3n Montana Red.<\/p>\n","protected":false},"featured_media":185251,"comment_status":"open","ping_status":"closed","template":"","meta":{"_joinchat":[]},"pwb-brand":[1561],"product_brand":[],"product_cat":[2339,2377,2371],"product_tag":[1317],"class_list":["post-198596","product","type-product","status-publish","has-post-thumbnail","pwb-brand-blanc-mariclo-fr","product_cat-manteles-individuales","product_cat-la-mesa","product_cat-navidad","product_tag-tartan-fr","first","outofstock","taxable","shipping-taxable","purchasable","product-type-simple"],"brands":[{"id":2076,"name":"Blanc Mariclo","slug":"blanc-mariclo-es"}],"_links":{"self":[{"href":"https:\/\/www.tendenzeshabbychic.it\/es\/wp-json\/wp\/v2\/product\/198596","targetHints":{"allow":["GET"]}}],"collection":[{"href":"https:\/\/www.tendenzeshabbychic.it\/es\/wp-json\/wp\/v2\/product"}],"about":[{"href":"https:\/\/www.tendenzeshabbychic.it\/es\/wp-json\/wp\/v2\/types\/product"}],"replies":[{"embeddable":true,"href":"https:\/\/www.tendenzeshabbychic.it\/es\/wp-json\/wp\/v2\/comments?post=198596"}],"wp:featuredmedia":[{"embeddable":true,"href":"https:\/\/www.tendenzeshabbychic.it\/es\/wp-json\/wp\/v2\/media\/185251"}],"wp:attachment":[{"href":"https:\/\/www.tendenzeshabbychic.it\/es\/wp-json\/wp\/v2\/media?parent=198596"}],"wp:term":[{"taxonomy":"pwb-brand","embeddable":true,"href":"https:\/\/www.tendenzeshabbychic.it\/es\/wp-json\/wp\/v2\/pwb-brand?post=198596"},{"taxonomy":"product_brand","embeddable":true,"href":"https:\/\/www.tendenzeshabbychic.it\/es\/wp-json\/wp\/v2\/product_brand?post=198596"},{"taxonomy":"product_cat","embeddable":true,"href":"https:\/\/www.tendenzeshabbychic.it\/es\/wp-json\/wp\/v2\/product_cat?post=198596"},{"taxonomy":"product_tag","embeddable":true,"href":"https:\/\/www.tendenzeshabbychic.it\/es\/wp-json\/wp\/v2\/product_tag?post=198596"}],"curies":[{"name":"wp","href":"https:\/\/api.w.org\/{rel}","templated":true}]}}

Blanc MariClo Mantel Individual Corazón Tartan 42&#215;42 cm

<p>El mantel individual en forma de corazón Blanc MariClo está hecho de algodón 100% con un alegre estampado de Tartan en tonos rojo, verde y marfil. Acabado con un ribete rojo en contraste, añade un toque romántico y festivo a la mesa. Ideal para presentaciones navideñas, desayunos especiales o meriendas con un ambiente acogedor y rústico. También es perfecto como elemento decorativo para realzar el centro de mesa o para acompañar postres caseros.   </p>
<ul>
<li>Romántico diseño en forma de corazón</li>
<li>Tejido natural 100% algodón</li>
<li>Estampado de Tartan en colores cálidos y tradicionales</li>
<li>Ribete rojo favorecedor de la forma</li>
<li>Perfecto para la Navidad y la mise en place Country Chic</li>
</ul>
<p><span style="color: #555555;">
	<section class="section linkified dark" id="section_1637369066">
		<div class="section-bg fill" >
			<img loading="lazy" decoding="async" width="800" height="213" src="https://www.tendenzeshabbychic.it/wp-content/uploads/2021/09/natale-hero-1-800x213.jpg" class="bg attachment-medium size-medium" alt="" />						<div class="section-bg-overlay absolute fill"></div>
			

		</div>

		

		<div class="section-content relative">
			

<div class="row"  id="row-812824569">


	<div id="col-627955763" class="col small-12 large-12"  >
				<div class="col-inner text-center"  >
			
			

<h3><span style="font-size: 180%;">Navidad</span></h3>
<p>Descubre la amplia selección de productos para decorar tu hogar en Navidad.</p>
<a href="https://www.tendenzeshabbychic.it/es/categoria-producto/navidad/" class="button alert is-shade box-shadow-3 box-shadow-5-hover" style="border-radius:5px;">
		<span>haga clic aquí</span>
	</a>



		</div>
					</div>

	

</div>

		</div>

		
<style>
#section_1637369066 {
  padding-top: 12px;
  padding-bottom: 12px;
}
#section_1637369066 .section-bg-overlay {
  background-color: rgba(0, 0, 0, 0.419);
}
#section_1637369066 .section-bg img {
  object-position: 21% 51%;
}
@media (min-width:550px) {
  #section_1637369066 {
    padding-top: 57px;
    padding-bottom: 57px;
  }
}
</style>
	</section>
	</span></p>

<p>Mantel individual en forma de corazón de algodón Tartan rojo con borde rojo, perfecto para la decoración navideña.</p>
<p>📏 42 x 42 cm</p>
<p>Forma parte de la colección Montana Red.</p>
