{"id":183864,"date":"2025-10-06T00:00:01","date_gmt":"2025-10-05T22:00:01","guid":{"rendered":"https:\/\/www.tendenzeshabbychic.it\/prodotto\/blanc-mariclo-trapo-de-cocina-con-arbol-decorado-50x70-cuento-de-navidad\/"},"modified":"2025-05-15T09:43:08","modified_gmt":"2025-05-15T08:43:08","slug":"blanc-mariclo-trapo-de-cocina-con-arbol-decorado-50x70-cuento-de-navidad","status":"publish","type":"product","link":"https:\/\/www.tendenzeshabbychic.it\/es\/producto\/blanc-mariclo-trapo-de-cocina-con-arbol-decorado-50x70-cuento-de-navidad\/","title":{"rendered":"Blanc MariCl\u00f2 Trapo de cocina con \u00e1rbol decorado 50&#215;70 Cuento de Navidad"},"content":{"rendered":"<p>El pa\u00f1o de cocina de la colecci\u00f3n <em>Cuento de Navidad<\/em> de Blanc MariCl\u00f2 es el accesorio perfecto para dar un toque encantador a la cocina durante las fiestas. Fabricado en algod\u00f3n 100%, est\u00e1 decorado con un \u00e1rbol de Navidad finamente decorado, flanqueado por dos tiernos ratoncitos vestidos con el tema. El fondo de color claro presenta un refinado estampado de rombos con lazos rojos y ramas de acebo, que recuerda el estilo elegante y juguet\u00f3n de la colecci\u00f3n.  <\/p>\n<p>Utilizable tanto como pa\u00f1o de cocina como elemento decorativo, tambi\u00e9n es perfecta como idea de regalo navide\u00f1o.<\/p>\n<ul>\n<li>100% algod\u00f3n duradero y absorbente<\/li>\n<li>Dulces y detalladas ilustraciones navide\u00f1as<\/li>\n<li>El estampado puede coordinarse con otros tejidos de la colecci\u00f3n<\/li>\n<li>Gran idea de regalo para las fiestas<\/li>\n<li>Lavable en la lavadora<\/li>\n<\/ul>\n\n\t<section class=\"section linkified dark\" id=\"section_43079712\">\n\t\t<div class=\"section-bg fill\" >\n\t\t\t<img loading=\"lazy\" decoding=\"async\" width=\"800\" height=\"213\" src=\"https:\/\/www.tendenzeshabbychic.it\/wp-content\/uploads\/2021\/09\/natale-hero-1-800x213.jpg\" class=\"bg attachment-medium size-medium\" alt=\"\" \/>\t\t\t\t\t\t<div class=\"section-bg-overlay absolute fill\"><\/div>\n\t\t\t\n\n\t\t<\/div>\n\n\t\t\n\n\t\t<div class=\"section-content relative\">\n\t\t\t\n\n<div class=\"row\"  id=\"row-1137602581\">\n\n\n\t<div id=\"col-879868400\" class=\"col small-12 large-12\"  >\n\t\t\t\t<div class=\"col-inner text-center\"  >\n\t\t\t\n\t\t\t\n\n<h3><span style=\"font-size: 180%;\">Navidad<\/span><\/h3>\n<p>Descubre la amplia selecci\u00f3n de productos para decorar tu hogar en Navidad.<\/p>\n<a href=\"https:\/\/www.tendenzeshabbychic.it\/es\/categoria-producto\/navidad\/\" class=\"button alert is-shade box-shadow-3 box-shadow-5-hover\" style=\"border-radius:5px;\">\n\t\t<span>haga clic aqu\u00ed<\/span>\n\t<\/a>\n\n\n\n\t\t<\/div>\n\t\t\t\t\t<\/div>\n\n\t\n\n<\/div>\n\n\t\t<\/div>\n\n\t\t\n<style>\n#section_43079712 {\n  padding-top: 12px;\n  padding-bottom: 12px;\n}\n#section_43079712 .section-bg-overlay {\n  background-color: rgba(0, 0, 0, 0.419);\n}\n#section_43079712 .section-bg img {\n  object-position: 21% 51%;\n}\n@media (min-width:550px) {\n  #section_43079712 {\n    padding-top: 57px;\n    padding-bottom: 57px;\n  }\n}\n<\/style>\n\t<\/section>\n\t\n","protected":false},"excerpt":{"rendered":"<p>Pa\u00f1o de cocina navide\u00f1o de algod\u00f3n con un \u00e1rbol decorado y ratones festivos sobre un fondo de cintas rojas. Un toque de cuento de hadas para la cocina. <\/p>\n<p>\ud83d\udccf 50 x 70 cm<\/p>\n\n\t<section class=\"section dark\" id=\"section_372255072\">\n\t\t<div class=\"section-bg fill\" >\n\t\t\t<img width=\"400\" height=\"400\" src=\"https:\/\/www.tendenzeshabbychic.it\/wp-content\/uploads\/2025\/05\/A38320-1-400x400.jpg\" class=\"bg attachment-medium size-medium\" alt=\"\" decoding=\"async\" loading=\"lazy\" \/>\t\t\t\t\t\t<div class=\"section-bg-overlay absolute fill\"><\/div>\n\t\t\t\n\n\t\t<\/div>\n\n\t\t\n\n\t\t<div class=\"section-content relative\">\n\t\t\t\n\n\t<div id=\"gap-1469958727\" class=\"gap-element clearfix\" style=\"display:block; height:auto;\">\n\t\t\n<style>\n#gap-1469958727 {\n  padding-top: 30px;\n}\n<\/style>\n\t<\/div>\n\t\n\n<div class=\"row align-center\"  id=\"row-770372146\">\n\n\n\t<div id=\"col-107261194\" class=\"col medium-12 small-12 large-9\"  >\n\t\t\t\t<div class=\"col-inner text-center\"  >\n\t\t\t\n\t<div class=\"is-border\"\n\t\tstyle=\"border-color:rgb(255, 255, 255);border-width:4px 4px 4px 4px;\">\n\t<\/div>\n\t\t\t\n\n\t<div id=\"gap-1777849846\" class=\"gap-element clearfix\" style=\"display:block; height:auto;\">\n\t\t\n<style>\n#gap-1777849846 {\n  padding-top: 30px;\n}\n<\/style>\n\t<\/div>\n\t\n\n\t<div id=\"text-1783259327\" class=\"text\">\n\t\t\n\n<h4 class=\"uppercase\">NUEVA COLECCI\u00d3N<\/h4>\n\t\t\n<style>\n#text-1783259327 {\n  font-size: 1rem;\n}\n<\/style>\n\t<\/div>\n\t\n\t<div id=\"gap-1386436928\" class=\"gap-element clearfix\" style=\"display:block; height:auto;\">\n\t\t\n<style>\n#gap-1386436928 {\n  padding-top: 10px;\n}\n<\/style>\n\t<\/div>\n\t\n\n\t<div id=\"text-737744323\" class=\"text\">\n\t\t\n\n<h3>CUENTO DE NAVIDAD<\/h3>\n\n\t\t\n<style>\n#text-737744323 {\n  font-size: 2.5rem;\n  line-height: 1;\n}\n@media (min-width:550px) {\n  #text-737744323 {\n    font-size: 4rem;\n    line-height: 0.75;\n  }\n}\n<\/style>\n\t<\/div>\n\t\n\t<div id=\"text-3286869535\" class=\"text\">\n\t\t\n\n<h3 class=\"uppercase\">MARICLO BLANCO<\/h3>\n\t\t\n<style>\n#text-3286869535 {\n  font-size: 1rem;\n  line-height: 0.75;\n}\n<\/style>\n\t<\/div>\n\t\n\t<div id=\"gap-2017077723\" class=\"gap-element clearfix\" style=\"display:block; height:auto;\">\n\t\t\n<style>\n#gap-2017077723 {\n  padding-top: 20px;\n}\n<\/style>\n\t<\/div>\n\t\n\n<a href=\"https:\/\/www.tendenzeshabbychic.it\/es\/etiqueta-producto\/favola-di-natale-blanc-mariclo-es\/\" class=\"button white\" style=\"padding:5px 20px 5px 20px;\">\n\t\t<span>TODA LA COLECCI\u00d3N \ud83d\udc2d<\/span>\n\t<\/a>\n\n\n\n\t\t<\/div>\n\t\t\t\t\n<style>\n#col-107261194 > .col-inner {\n  padding: 10% 10% 10% 10%;\n}\n<\/style>\n\t<\/div>\n\n\t\n\n<\/div>\n\n\t\t<\/div>\n\n\t\t\n<style>\n#section_372255072 {\n  padding-top: 30px;\n  padding-bottom: 30px;\n  min-height: 400px;\n}\n#section_372255072 .section-bg-overlay {\n  background-color: rgba(14, 0, 0, 0.43);\n}\n#section_372255072 .section-bg img {\n  object-position: 78% 54%;\n}\n@media (min-width:550px) {\n  #section_372255072 {\n    min-height: 600px;\n  }\n}\n@media (min-width:850px) {\n  #section_372255072 {\n    min-height: 700px;\n  }\n}\n<\/style>\n\t<\/section>\n\t\n","protected":false},"featured_media":184347,"comment_status":"open","ping_status":"closed","template":"","meta":{"_joinchat":[]},"pwb-brand":[2076],"product_brand":[],"product_cat":[2390,2324,2371],"product_tag":[3250,2283],"class_list":["post-183864","product","type-product","status-publish","has-post-thumbnail","pwb-brand-blanc-mariclo-es","product_cat-textiles-de-cocina","product_cat-cocina","product_cat-navidad","product_tag-favola-di-natale-blanc-mariclo-es","product_tag-idea-de-regalo","first","outofstock","taxable","shipping-taxable","purchasable","product-type-simple"],"brands":[{"id":2076,"name":"Blanc Mariclo","slug":"blanc-mariclo-es"}],"_links":{"self":[{"href":"https:\/\/www.tendenzeshabbychic.it\/es\/wp-json\/wp\/v2\/product\/183864","targetHints":{"allow":["GET"]}}],"collection":[{"href":"https:\/\/www.tendenzeshabbychic.it\/es\/wp-json\/wp\/v2\/product"}],"about":[{"href":"https:\/\/www.tendenzeshabbychic.it\/es\/wp-json\/wp\/v2\/types\/product"}],"replies":[{"embeddable":true,"href":"https:\/\/www.tendenzeshabbychic.it\/es\/wp-json\/wp\/v2\/comments?post=183864"}],"wp:featuredmedia":[{"embeddable":true,"href":"https:\/\/www.tendenzeshabbychic.it\/es\/wp-json\/wp\/v2\/media\/184347"}],"wp:attachment":[{"href":"https:\/\/www.tendenzeshabbychic.it\/es\/wp-json\/wp\/v2\/media?parent=183864"}],"wp:term":[{"taxonomy":"pwb-brand","embeddable":true,"href":"https:\/\/www.tendenzeshabbychic.it\/es\/wp-json\/wp\/v2\/pwb-brand?post=183864"},{"taxonomy":"product_brand","embeddable":true,"href":"https:\/\/www.tendenzeshabbychic.it\/es\/wp-json\/wp\/v2\/product_brand?post=183864"},{"taxonomy":"product_cat","embeddable":true,"href":"https:\/\/www.tendenzeshabbychic.it\/es\/wp-json\/wp\/v2\/product_cat?post=183864"},{"taxonomy":"product_tag","embeddable":true,"href":"https:\/\/www.tendenzeshabbychic.it\/es\/wp-json\/wp\/v2\/product_tag?post=183864"}],"curies":[{"name":"wp","href":"https:\/\/api.w.org\/{rel}","templated":true}]}}

Blanc MariClò Trapo de cocina con árbol decorado 50&#215;70 Cuento de Navidad

<p>El paño de cocina de la colección <em>Cuento de Navidad</em> de Blanc MariClò es el accesorio perfecto para dar un toque encantador a la cocina durante las fiestas. Fabricado en algodón 100%, está decorado con un árbol de Navidad finamente decorado, flanqueado por dos tiernos ratoncitos vestidos con el tema. El fondo de color claro presenta un refinado estampado de rombos con lazos rojos y ramas de acebo, que recuerda el estilo elegante y juguetón de la colección.  </p>
<p>Utilizable tanto como paño de cocina como elemento decorativo, también es perfecta como idea de regalo navideño.</p>
<ul>
<li>100% algodón duradero y absorbente</li>
<li>Dulces y detalladas ilustraciones navideñas</li>
<li>El estampado puede coordinarse con otros tejidos de la colección</li>
<li>Gran idea de regalo para las fiestas</li>
<li>Lavable en la lavadora</li>
</ul>

	<section class="section linkified dark" id="section_43079712">
		<div class="section-bg fill" >
			<img loading="lazy" decoding="async" width="800" height="213" src="https://www.tendenzeshabbychic.it/wp-content/uploads/2021/09/natale-hero-1-800x213.jpg" class="bg attachment-medium size-medium" alt="" />						<div class="section-bg-overlay absolute fill"></div>
			

		</div>

		

		<div class="section-content relative">
			

<div class="row"  id="row-1137602581">


	<div id="col-879868400" class="col small-12 large-12"  >
				<div class="col-inner text-center"  >
			
			

<h3><span style="font-size: 180%;">Navidad</span></h3>
<p>Descubre la amplia selección de productos para decorar tu hogar en Navidad.</p>
<a href="https://www.tendenzeshabbychic.it/es/categoria-producto/navidad/" class="button alert is-shade box-shadow-3 box-shadow-5-hover" style="border-radius:5px;">
		<span>haga clic aquí</span>
	</a>



		</div>
					</div>

	

</div>

		</div>

		
<style>
#section_43079712 {
  padding-top: 12px;
  padding-bottom: 12px;
}
#section_43079712 .section-bg-overlay {
  background-color: rgba(0, 0, 0, 0.419);
}
#section_43079712 .section-bg img {
  object-position: 21% 51%;
}
@media (min-width:550px) {
  #section_43079712 {
    padding-top: 57px;
    padding-bottom: 57px;
  }
}
</style>
	</section>

<p>Paño de cocina navideño de algodón con un árbol decorado y ratones festivos sobre un fondo de cintas rojas. Un toque de cuento de hadas para la cocina. </p>
<p>📏 50 x 70 cm</p>

	<section class="section dark" id="section_372255072">
		<div class="section-bg fill" >
			<img width="400" height="400" src="https://www.tendenzeshabbychic.it/wp-content/uploads/2025/05/A38320-1-400x400.jpg" class="bg attachment-medium size-medium" alt="" decoding="async" loading="lazy" />						<div class="section-bg-overlay absolute fill"></div>
			

		</div>

		

		<div class="section-content relative">
			

	<div id="gap-1469958727" class="gap-element clearfix" style="display:block; height:auto;">
		
<style>
#gap-1469958727 {
  padding-top: 30px;
}
</style>
	</div>
	

<div class="row align-center"  id="row-770372146">


	<div id="col-107261194" class="col medium-12 small-12 large-9"  >
				<div class="col-inner text-center"  >
			
	<div class="is-border"
		style="border-color:rgb(255, 255, 255);border-width:4px 4px 4px 4px;">
	</div>
			

	<div id="gap-1777849846" class="gap-element clearfix" style="display:block; height:auto;">
		
<style>
#gap-1777849846 {
  padding-top: 30px;
}
</style>
	</div>
	

	<div id="text-1783259327" class="text">
		

<h4 class="uppercase">NUEVA COLECCIÓN</h4>
		
<style>
#text-1783259327 {
  font-size: 1rem;
}
</style>
	</div>
	
	<div id="gap-1386436928" class="gap-element clearfix" style="display:block; height:auto;">
		
<style>
#gap-1386436928 {
  padding-top: 10px;
}
</style>
	</div>
	

	<div id="text-737744323" class="text">
		

<h3>CUENTO DE NAVIDAD</h3>

		
<style>
#text-737744323 {
  font-size: 2.5rem;
  line-height: 1;
}
@media (min-width:550px) {
  #text-737744323 {
    font-size: 4rem;
    line-height: 0.75;
  }
}
</style>
	</div>
	
	<div id="text-3286869535" class="text">
		

<h3 class="uppercase">MARICLO BLANCO</h3>
		
<style>
#text-3286869535 {
  font-size: 1rem;
  line-height: 0.75;
}
</style>
	</div>
	
	<div id="gap-2017077723" class="gap-element clearfix" style="display:block; height:auto;">
		
<style>
#gap-2017077723 {
  padding-top: 20px;
}
</style>
	</div>
	

<a href="https://www.tendenzeshabbychic.it/es/etiqueta-producto/favola-di-natale-blanc-mariclo-es/" class="button white" style="padding:5px 20px 5px 20px;">
		<span>TODA LA COLECCIÓN 🐭</span>
	</a>



		</div>
				
<style>
#col-107261194 > .col-inner {
  padding: 10% 10% 10% 10%;
}
</style>
	</div>

	

</div>

		</div>

		
<style>
#section_372255072 {
  padding-top: 30px;
  padding-bottom: 30px;
  min-height: 400px;
}
#section_372255072 .section-bg-overlay {
  background-color: rgba(14, 0, 0, 0.43);
}
#section_372255072 .section-bg img {
  object-position: 78% 54%;
}
@media (min-width:550px) {
  #section_372255072 {
    min-height: 600px;
  }
}
@media (min-width:850px) {
  #section_372255072 {
    min-height: 700px;
  }
}
</style>
	</section>
